30*f**2 + 29*f**2. Let c(l) = -3*l**2 + l. Let s be c(-1). Calculate t(s).
-6
Let m(z) = -z**3 + 6*z**2 + 8*z + 1. Let h be m(7). Let n = 11 - h. Let t(i) = -7*i - 5 - i**2 - 3 + n. Calculate t(-5).
5
Let x(b) = -b**3 + b**2 - 2*b + 5. Let w be x(0). Let a(r) = -r**3 + 4*r**2 + 6*r - 7. Determine a(w).
-2
Let m(f) be the first derivative of -f**3/3 - 3*f**2/2 - 2*f + 9. Calculate m(-5).
-12
Let m(g) be the third derivative of g**6/120 - g**5/20 + g**4/8 - g**3/6 - 2*g**2. Let q(h) = h**2 + 7*h + 12. Let d be q(-5). Calculate m(d).
1
Let f(r) = 3*r**2 + 2*r - 4. Let u(d) = d**2 - d. Let g(o) = -f(o) + 2*u(o). Give g(-3).
7
Let s(v) = -v**2 + 3*v - 11. Let b(y) = -y**2 + 2*y - 9. Let w(j) = -6*b(j) + 5*s(j). Determine w(-5).
9
Suppose 2*g + 0 = 2. Let k(c) = c + 5. Let r be k(-3). Let j(m) = 2 - g - r - m. What is j(-1)?
0
Let t(o) = 5*o + 4. Let s(m) = 4*m + 3. Let z(p) = -6*s(p) + 5*t(p). Give z(3).
5
Let u(q) = -14*q + 20. Let z(f) = 5*f - 7. Let b(y) = 6*u(y) + 17*z(y). Let g = -1 - -5. Suppose c - g = 1. Determine b(c).
6
Let k be (4 + -5)/(5/(-20)). Let v(q) be the second derivative of -k*q + 1/20*q**5 + 1/2*q**3 + 1/4*q**4 + 0 - 1/2*q**2. Determine v(-3).
-10
Suppose -4*o = o. Let a(f) = -f**3 + o*f**3 - 7*f**2 + 6*f**2. Determine a(-2).
4
Let l(o) = o**2 - 5. Let n = 4 - 2. Suppose -n = -3*g + 10. What is l(g)?
11
Let k(l) be the first derivative of -11*l**5/20 - l**3/6 - l**2/2 + 2*l + 2. Let y(x) be the first derivative of k(x). Give y(-1).
11
Let v be (-3)/12 + (-46)/8. Let x(u) = -u**3 - 3*u**2 + 2*u. Let c be x(-2). Let k = v - c. Let r(t) = 4*t. What is r(k)?
8
Let h(o) = 5 - 1 + 6*o**2 + o**3 + 4*o + o. Let q(g) = -g**2 + 1. Let i(c) = 5*c**2 + 7*c - 11. Let f(t) = i(t) + 6*q(t). Let x be f(7). Give h(x).
4
Let a(z) = -3*z + 6. Suppose -2 = -l - 4*q, q = l + 4*q - 2. Suppose -l*c + 20 = -4*i + i, -4*c = 4*i. Let v be 3/(-6) + (-18)/i. Give a(v).
-6
Let p(b) be the third derivative of b**6/24 - b**5/30 - b**4/12 - b**3/6 + 15*b**2. Determine p(-1).
-6
Let g(k) = -k + 5*k**2 - k**3 + 2*k**3 + 0*k - 4 - 11*k**2. Determine g(6).
-10
Let f = -1 + 6. Suppose -5*g = f*m - 3 - 7, -2*m - 2 = 4*g. Let o(s) = -s - s + 3*s. Determine o(m).
5
Let c = 10 + -16. Let h = 3 + c. Let a = -3 - h. Let w(g) = g**2 + g - 2. Determine w(a).
-2
Let c(l) be the first derivative of -25*l**2/2 + 4*l + 1. Let z(u) = -6*u + 1. Let d = 34 + -32. Let h(q) = d*c(q) - 9*z(q). Give h(2).
7
Let s(a) = -a**2 + 3*a + 1. Let h be (-6)/(-2)*2/3. Let x be 2 - h - (1 + -15). Let m = x - 9. What is s(m)?
-9
Let j(a) = a**2 + a. Let l be j(-1). Let s(c) = -1 - 2*c - c**2 + 7*c**3 - c**2 + l*c**2. Calculate s(-1).
-8
Let f(j) = -6 + j**2 + 3*j - j**3 + 2 + j**2. Suppose -3*p + 8 = -1. Give f(p).
-4
Let n(y) = -3*y**3 - 7*y**2 + 9*y - 3. Let k(v) = -7*v**3 - 15*v**2 + 19*v - 7. Let w(f) = 2*k(f) - 5*n(f). Give w(-6).
7
Let n(q) = -q**3 + 7*q**2 - 6*q + 1. Suppose 2*u + 2*d = -3*d + 22, 5*d + 2 = 2*u. Let t be n(u). Let b(j) = 7*j - 1. Give b(t).
6
Let h(o) be the first derivative of -o**2 - 2*o - 1. Give h(-2).
2
Let p(j) = j**3 - 15*j**2 + 13*j - 5. Let a(m) = m**3 - 17*m**2 + 14*m - 6. Let l(s) = 3*a(s) - 4*p(s). Determine l(7).
30
Let y(q) = -q**2 - 5*q + 7. Let d(g) = g**3 + 3*g**2 - 6*g - 3. Let h be d(-4). Suppose -h*i - 5 - 10 = 3*t, -5*t - 4*i = 25. Determine y(t).
7
Let l(k) = -k**3 - 5*k**2 - k - 4. Let s be -1 + -6 - ((6 - 8) + 0). Calculate l(s).
1
Let f(n) = -n + 1. Let a(d) = -3*d + 2. Suppose y = -0*y - 2. Let r(b) = y*f(b) + a(b). What is r(1)?
-1
Suppose -2*c = -1 + 3. Let k(g) = -11*g**3 + g. Give k(c).
10
Let b(i) be the third derivative of i**4/6 - i**3/2 - 40*i**2. Suppose 0 = -3*a - 2*a + 10. What is b(a)?
5
Suppose 2*h + 20 = 22. Let c(r) = -7*r**3 + r**2 + r - 1. Calculate c(h).
-6
Let u(p) = -3*p - 1 + 4*p - 11*p**2 + 21*p**2. Calculate u(1).
10
Let f(o) = -o**2 + 2*o + 7. Let x = 18 + -13. What is f(x)?
-8
Let v(r) be the third derivative of 0 - 1/6*r**4 + 0*r + 1/6*r**3 - 3*r**2 + 1/60*r**5. What is v(5)?
6
Let j be (-3 + -1)*(-1 - 0). Suppose 3*d - g + 3 = 7, 0 = 5*g - 10. Let p(m) = 0*m + d*m + 2 - 5. What is p(j)?
5
Let t(c) = -3*c + 12. Let q = 125 - 117. What is t(q)?
-12
Let i(g) = 3*g - 3*g - 4*g + 1 - 4. Calculate i(-2).
5
Let l(u) be the first derivative of u**2 - 12*u - 2. Let i be l(8). Let g(t) = 2*t + i - 6*t**2 + 3*t + 4*t**2. Determine g(4).
-8
Let k(n) = -n**2 + 5*n + 5. Let p(u) = u**2 - 6*u - 4. Let a(r) = 3*k(r) + 2*p(r). Calculate a(5).
-3
Let t = 3 - 3. Let i(u) be the second derivative of -u**3/6 - 5*u**2/2 + 2*u. Let b be i(t). Let n(d) = d + 1. What is n(b)?
-4
Let u(i) be the first derivative of i**5/60 - i**4/8 - 5*i**3/6 - 2*i**2 - 6. Let b(t) be the second derivative of u(t). Calculate b(5).
5
Let l(h) = -2*h**2 - 3*h - 1. Let t be l(-2). Let q(v) = v - 2 + 6 + 3 + 2. Let w(c) = c + 4. Let m(y) = -2*q(y) + 5*w(y). Determine m(t).
-7
Let n(l) be the first derivative of -l**4/4 + l**3 + l**2 + l - 13. Calculate n(-2).
17
Let n(j) = -j + 11. Let a be n(8). Let z(g) = 103 - 98 + 3*g + 0*g - 4*g. Give z(a).
2
Suppose p - 20 = -4*y, 3*p - 20 = -4*y + p. Let m(u) = -5 + 4*u**2 + 5*u + 3 - u**3 + 0*u. Calculate m(y).
-2
Suppose -m + 5 = 0, 0*m - m = -4*j - 37. Let k(z) = -z**3 + 2*z**2 - 2 - 8*z - 13*z**2 + 2*z**2. Let v be k(j). Let g(f) = f. Give g(v).
-2
Let g(w) = w**2 + 7*w - 4. Let q be (-36)/(-24) - (-19)/(-2). What is g(q)?
4
Let o(b) = -b - 3*b + 3*b. What is o(-4)?
4
Let h(r) be the first derivative of 3*r**2/2 - 2*r - 36. What is h(-3)?
-11
Let l = 84 + -90. Let z(g) = g**2 + 7*g + 5. Give z(l).
-1
Suppose 0 = 2*s + 4*h - 8, -3*s + h + 3*h - 8 = 0. Let b(o) = -5*o**3 - 1 + 1 + s - o**2. What is b(1)?
-6
Let d(v) be the third derivative of -v**6/120 - v**5/20 + v**4/6 - 5*v**3/6 + 12*v**2. Give d(-4).
-5
Let s(n) = n**2 - 4*n - 4. Let b be s(4). Let c(a) = -a - 2. Give c(b).
2
Let k(i) = -4*i + 65. Let o be k(16). Let y(x) be the third derivative of 3*x**5/40 + x**3/6 - x**2. Let j(h) be the first derivative of y(h). Give j(o).
9
Suppose -4*a - 2 = -10, 0 = 3*m + 3*a - 18. Let x be ((-4)/(4/3))/(-1). Let k(f) = -3*f + 8*f + x*f**2 - 3 - 2*f**2 - 2*f**2. What is k(m)?
1
Let f(l) be the first derivative of 9/2*l**2 + 1/4*l**4 - 4 + 8/3*l**3 + 7*l. Give f(-7).
-7
Let y(d) = d**2 + d - 3. Suppose 0 = -5*p + 5, -1 = 5*b - p - 20. Let l(x) = -2*x**2 + 7*x. Let c be l(b). Determine y(c).
9
Let w(n) = 2*n + 4. Let d be ((-1)/3)/(1/9). Determine w(d).
-2
Let u(f) = 32*f + 26*f + 2 - 59*f. Calculate u(-3).
5
Let d = -1 + 4. Suppose d + 5 = x. Let a(g) = 1 + g + 0*g**2 + x + g**3 - g**2. Calculate a(0).
9
Let j(g) = 2*g**2 - 2*g - 2. Let x(c) = c**2 - 2*c - 1. Let y(n) = -2*j(n) + 3*x(n). What is y(-4)?
-7
Suppose 0 = -y + 2*y + 5. Let r(o) = -o**3 - 5*o**2 + o + 6. Determine r(y).
1
Let k(l) = 3*l**2 + 0*l**2 - l - 2*l**2 + 1 - 3. Give k(0).
-2
Suppose 8 = -2*t - 0. Let s(n) = -n**3 - 3*n**2 + 4*n - 3. Give s(t).
-3
Let w(c) = 2*c**2 + 3*c. Suppose 4*g = 3*g - 2. Let j be w(g). Let l(f) = -f - f**3 + j - 1 - 2 + 2. What is l(-2)?
11
Let j(v) = -v - 6. Let m be j(-5). Let k(w) = -w**3 - 845*w**2 - 4*w**3 + 844*w**2 - w. Determine k(m).
5
Suppose v - 3 = 3*j + 4*v, -3 = v. Let p(r) = -r + 13 - 13 + j*r. What is p(6)?
6
Let l(b) = -b**2 - 1. Let n(k) = k - 5. Let d be n(8). Suppose -d + 2 = j. Calculate l(j).
-2
Let g(f) = 3*f - 5. Suppose 0 = -4*x - 2*k + 14, -2*k = -4*x - 5*k + 13. Let c(l) = x*l - 7 + 5*l - 4*l. Let m(h) = -5*c(h) + 8*g(h). Calculate m(-5).
0
Suppose 3*k = 6, -3*k + 2 = -3*a + k. Suppose -3*c - 18 = -3*r + 7*r, -3*c - a*r - 18 = 0. Let y(b) = -b**3 - 6*b**2 - 2*b - 6. Give y(c).
6
Let n(u) = 2*u - 3. Let w(f) = 2*f - 2. Suppose -5*s - 3*t + 15 = 0, 2*t = -s + 1 + 2. Let o(r) = s*n(r) - 4*w(r). Determine o(3).
-7
Let h(r) = r**2 + 5*r + 1. Suppose -5*b = -s + 60, -5*s + 5*b = 98 - 398. Suppose 4*p + s = -v + 4*v, -5*p = -v + 20. Suppose j - v = 6*j. What is h(j)?
-3
Let h(z) be the second derivative of -z**7/420 - z**6/180 + z**5/120 - z**4/12 - 2*z**3/3 - z. Let i(p) be the second derivative of h(p). Determine i(-2).
4
Let z be (1 + 3 - 0)*1. Let m(r) = 3*r**3 - 5*r - 2*r**3 - 2*r**2 + z*r**2 + 2*r**2. Calculate m(-5).
0
Let x(l) be the first derivative of -l**2/2 + 6*l - 2. Let y be x(0). Let t(i) = -2*i +